 = 145. Let y = f + -39. What is the greatest common divisor of y and 30?
6
Suppose -1183*z = -1184*z + 184. Calculate the highest common divisor of 23 and z.
23
Let z = -579 + 643. What is the greatest common factor of z and 88?
8
Let x = -4 - -49. Calculate the highest common divisor of 720 and x.
45
Let c be 4941/135 + 10/25. Suppose 3*x = 4*x - 148. What is the greatest common divisor of x and c?
37
Suppose 11*b - 32 = 9*b. Suppose 0 = -9*g + 14*g - 880. What is the greatest common divisor of g and b?
16
Suppose 4*p - 5*c + 36 - 172 = 0, -2*p + 82 = c. Let a be p/(-26) - 86/(-4). What is the highest common divisor of 60 and a?
20
Suppose -483 = -3*l - 3*y, -y + 793 = 5*l + y. Let p = l - 107. What is the greatest common divisor of p and 10?
10
Let u(q) = -6*q - 40. Let a be u(-11). Calculate the greatest common divisor of 26 and a.
26
Let p be (-1)/1 - (-1144 + -1). Suppose -p = 4*f + 4*z, 2*f - z = -3*f - 1454. Let a = f - -410. What is the highest common factor of 15 and a?
15
Suppose 13 = 4*z - 3*z. Let m(q) = 38*q - 9. Let x = 27 - 23. Let c be m(x). What is the greatest common factor of c and z?
13
Let g(a) = -a + 9. Let p be g(5). Let f be (-6970)/(-70) + p/(-7). Calculate the greatest common divisor of f and 9.
9
Suppose 71 + 41 = 14*j. What is the greatest common factor of j and 128?
8
Suppose 2*p - 114 = -0*p. Let j be p/4 - (-2)/(-8). Suppose 0 = -6*x - 436 + 1108. Calculate the greatest common divisor of x and j.
14
Suppose -4*f + 129 = -5*o, -2*o - o = -4*f + 135. What is the highest common factor of 12 and f?
12
Suppose 6*h - 29 + 23 = 0. Let t(f) = 10*f**2 - f. Let x be t(h). Let r = -1 - -7. Calculate the greatest common divisor of x and r.
3
Let z = -3 - -5. Suppose m - z - 2 = 0. Suppose -m*u + 17 = a, 5*a - 2*a - 66 = 3*u. What is the highest common factor of 7 and a?
7
Let r(k) = k**3 - 20*k**2 + 7*k - 24. Let q be r(20). Suppose 5*b + 2*d = 1444, 5*d + 0 + 15 = 0. Calculate the highest common divisor of b and q.
58
Suppose 4*s - 363 = -3*p, -4*p + 4*s + 681 = 197. Calculate the greatest common factor of 11 and p.
11
Let y(x) = 243*x + 135. Let h be y(3). Calculate the highest common divisor of 96 and h.
96
Let q = 1 + 1. Let a = 6 + 56. Let d = -48 + a. Calculate the highest common divisor of q and d.
2
Suppose 3*w + 4*w - 560 = 0. Suppose -4*x + w = x. Suppose -3*n = -3*b + 27, 0 = -6*b + 3*b - 4*n - 8. What is the highest common divisor of b and x?
4
Let j be 3 - ((-2)/1 + -3). Let y(p) = 3*p**2 - 14*p - 17. Let v be y(7). Calculate the highest common divisor of v and j.
8
Let d be (-4 - 20/(-4))/1. Let w = -5 + 14. What is the highest common divisor of d and w?
1
Let d = -117 - -197. Let x(c) = 1 - c**2 + 14*c + c**2 - 4 - c**2. Let w be x(13). Calculate the highest common factor of d and w.
10
Let b be (0/(-2))/(-10 + 9). Let r(s) = 2*s**2 - 2*s + 154. Let o be r(b). Calculate the highest common divisor of 14 and o.
14
Suppose -15 = -2*q - q. Let c(n) = 2*n**2 - 6*n. Let p be c(q). Let y = 9 - 5. What is the greatest common divisor of p and y?
4
Let i = 35 - -5. Let f be (16/10)/((-16)/i). Let y be 6 - (-6 + f + 8). What is the highest common factor of 20 and y?
4
Let h = 4 + -2. Suppose -5*c - h*s = -72, s - 7 = -c + 5. Suppose -w - 2 = -2*w. What is the highest common factor of c and w?
2
Let i(x) = 4*x**2 + x. Suppose 0 = 3*s - 0*s - 3. Let c be i(s). Suppose f + 5*u = 68, 5*f - 178 = -c*u + 242. What is the greatest common divisor of 11 and f?
11
Suppose 0*q = -3*q - 6. Let c(z) = -2*z**2 - 2*z. Let f be c(q). Let o be 3/f + (-78)/(-8). What is the greatest common divisor of 99 and o?
9
Let b be 57 + -1 - (2 - 2). Suppose 4*i = -0*g - 3*g - 510, 0 = -g - i - 169. Let t = -159 - g. What is the highest common divisor of b and t?
7
Let a(g) = g**2 - 3*g + 4. Suppose -5*b - 2*p + 1 = -24, 3*b - 46 = 5*p. Let q be a(b). Calculate the greatest common factor of q and 128.
32
Suppose 0*w - 5*w - 139 = -i, -5*i + w + 719 = 0. Calculate the highest common divisor of i and 104.
8
Suppose 15 = 5*f - 0*f. Suppose -4*k + 284 = -3*n, 11 + 113 = 2*k + f*n. What is the greatest common factor of 17 and k?
17
Suppose 46*i + 72 = 54*i. Let u(q) = -q + 2. Let j be u(-4). Calculate the greatest common divisor of i and j.
3
Let q be (6/((-24)/(-4)))/((-2)/(-38)). Suppose 2*h = 765 + 151. Suppose 0 = -5*x + h + 587. What is the greatest common factor of x and q?
19
Let z = -29 - -31. Let u = 10 + z. Let x be (-4 + -1)/((-3)/18). Calculate the highest common factor of u and x.
6
Suppose x + c = 15, 30 = 3*x - 3*c - 33. Calculate the greatest common divisor of x and 258.
6
Suppose -2409*m + 1776 = -2397*m. What is the greatest common factor of 1850 and m?
74
Let y = -1 - -13. Suppose 0 = 2*p + 4*a + y - 96, 118 = 3*p + 4*a. What is the greatest common divisor of p and 17?
17
Let c be 1 + 5 + -1 + -3. Suppose -t = 2*r - 22, c*t - 5*r + 97 = 6*t. Let d be (2 - 9)/(2 - 3). What is the highest common divisor of t and d?
7
Suppose -2*k - 3*q = 2, 3*q + 8 = 2*k + q. Suppose -3*o + 29 = -k*o. Let f = 251 + -135. Calculate the highest common factor of o and f.
29
Suppose 0 = 3*u + 2*y + 14, 2*u = -4*y - 3 - 9. Let d = 38 - u. Let q be -3*5/30*-12. What is the greatest common divisor of q and d?
6
Let w(t) = 69*t**2 - 11*t - 4. Let h be w(4). Suppose h = 2*a + 6*a. Let p = 30 - 18. Calculate the highest common divisor of a and p.
12
Let m(p) = -64*p**3 + p**2 + 13*p + 23. Let t be m(-2). Calculate the greatest common factor of 54 and t.
27
Suppose -171 = 6*v + 309. Let q be 23190/v - 2/16. Let g be q/(-4) + 5/(-10). What is the greatest common factor of 8 and g?
8
Let d = 154 - 79. What is the highest common factor of 975 and d?
75
Suppose -n - 6 = q - 3*n, -8 = 2*q - 3*n. Suppose 2*o + 2*u - 97 = -3*o, o + q*u - 13 = 0. Calculate the greatest common factor of o and 3.
3
Suppose -2*s = 116 - 264. Calculate the greatest common divisor of 111 and s.
37
Let u = 50 - 2. Let r be (u/(-32))/(1/(-66)). What is the greatest common factor of 33 and r?
33
Let v be (16/(-6))/(14/(-21)). Suppose -5*l + 180 = 5*o, -3*o - 2 = -v*o. What is the highest common divisor of l and 51?
17
Let a be (-1)/((3/(-33))/1). Let k be (-3 - (-132)/36)/((-4)/(-6)). Calculate the greatest common factor of a and k.
1
Suppose 2*i - 36 = -4*i. What is the greatest common factor of 27 and i?
3
Suppose 403 = 9*g - 164. Let t = -55 + g. Calculate the greatest common factor of 1 and t.
1
Suppose 5*g + 5*o = 25, 0 = -5*o + o. Suppose -32 = -4*s + 148. Calculate the greatest common divisor of s and g.
5
Let b(y) = 13*y**2 + 8*y + 1. Let v(h) = 25*h**2 + 15*h + 2. Let s(n) = -7*b(n) + 4*v(n). Let o be s(-3). What is the greatest common divisor of 14 and o?
14
Let d be 27 + (-7 - (-3 + -10)). What is the highest common factor of 693 and d?
33
Suppose 63*r - 2208 = 40*r. Calculate the highest common factor of r and 1184.
32
Suppose -3*y + 1308 = 1293. Let i be 5*3/(3/5). Calculate the greatest common divisor of i and y.
5
Let k(q) = 3*q**2 - 2*q + 5. Let i be k(4). Suppose 0*c = 3*c - i. What is the highest common divisor of c and 135?
15
Let b be -3*4/24*-144. Calculate the greatest common divisor of b and 9.
9
Let j(d) = -d**2 + 5*d - 8. Let v be j(3). Let l(i) = -14*i - 8. Let g be l(v). What is the greatest common factor of g and 60?
20
Suppose 29*d - 140 = 9*d. Calculate the highest common factor of 84 and d.
7
Let o(a) = -3*a + 19. Let f be o(5). Suppose f*b - 12 = -2*b. Calculate the greatest common factor of b and 14.
2
Let a be 5/((-4)/(-8) - -2). Suppose -5*z + 215 = 4*c, -c - a*z + 59 = z. Calculate the greatest common factor of 20 and c.
10
Suppose -2*a + 21 + 7 = 0. Suppose 0 = -0*z + 10*z + 360. Let u be (-126)/27*z/a. Calculate the highest common divisor of u and 96.
12
Suppose -r + 800 = u, u - 3*r - 279 = 517. Calculate the greatest common factor of u and 17.
17
Let g = 104 + -100. Suppose 0 = 2*p - 6, 18 = y + g*p - 3. What is the highest common factor of 6 and y?
3
Let v(m) be the third derivative of m**5/60 - 5*m**4/24 + 5*m**3/3 + m**2. Let z be v(4). What is the greatest common factor of z and 2?
2
Let x = 684 - 665. Calculate the greatest common divisor of x and 209.
19
Let u be ((-475)/15)/(2/6). Let g = 12 + u. Let l = g + 308. What is the greatest common divi